{"id":1248,"date":"2021-03-01T17:45:44","date_gmt":"2021-03-01T17:45:44","guid":{"rendered":"https:\/\/www.acurede.pt\/novo\/?page_id=1248"},"modified":"2023-05-31T17:05:23","modified_gmt":"2023-05-31T17:05:23","slug":"biblioteca-escolar-novo","status":"publish","type":"page","link":"https:\/\/www.acurede.pt\/novo\/biblioteca-escolar-novo\/","title":{"rendered":"Biblioteca Escolar novo"},"content":{"rendered":"<p>[et_pb_section fb_built=&#8221;1&#8243; _builder_version=&#8221;4.0.5&#8243; background_color=&#8221;rgba(0,0,0,0)&#8221; background_image=&#8221;https:\/\/www.acurede.pt\/novo\/wp-content\/uploads\/2014\/10\/home_sitter_subheader.jpg&#8221; background_position=&#8221;bottom_center&#8221;][et_pb_row _builder_version=&#8221;4.0.5&#8243;][et_pb_column type=&#8221;4_4&#8243; _builder_version=&#8221;4.0.5&#8243;][et_pb_text _builder_version=&#8221;4.9.0&#8243;]<\/p>\n<h1 class=\"title\"><span style=\"color: #ffffff;\">Biblioteca Escolar<\/span><\/h1>\n<p>[\/et_pb_text][\/et_pb_column][\/et_pb_row][\/et_pb_section][et_pb_section fb_built=&#8221;1&#8243; _builder_version=&#8221;4.0.5&#8243;][et_pb_row _builder_version=&#8221;4.0.5&#8243;][et_pb_column type=&#8221;4_4&#8243; _builder_version=&#8221;4.0.5&#8243;][et_pb_text _builder_version=&#8221;4.9.0&#8243; header_text_color=&#8221;#fecd08&#8243;]<\/p>\n<p style=\"text-align: justify;\">A Biblioteca Escolar da ACUREDE foi inaugurada em abril de 2010 e est\u00e1 inserida na RBE (Rede de Bibliotecas Escolares). \u00c9 um espa\u00e7o de conhecimento com materiais que possibilitam \u00e0s crian\u00e7as experi\u00eancias variadas no \u00e2mbito da leitura. Desde a sua inaugura\u00e7\u00e3o, comtemplou-se a dinamiza\u00e7\u00e3o de anima\u00e7\u00e3o de leitura atrav\u00e9s da Hora do Conto e a leitura em contexto familiar. Com este princ\u00edpio, a Biblioteca Escolar atrav\u00e9s do projeto Leituras em VAI e VEM \u2013 Sacos de Leitura, prioriza a literatura infantil como um caminho para desenvolver h\u00e1bitos saud\u00e1veis e \u00fateis por toda a vida da crian\u00e7a, procurando um equil\u00edbrio na integra\u00e7\u00e3o entre fam\u00edlia e escola, atrav\u00e9s requisi\u00e7\u00e3o domiciliaria de livros, j\u00e1 que se trata de uma fase de fortes v\u00ednculos familiares.<\/p>\n<p style=\"text-align: justify;\">A import\u00e2ncia de contar hist\u00f3rias sobretudo em contexto de Creche e Pr\u00e9-escolar, pretende mostrar formas de dinamizar a \u201cHora do conto\u201d e salientar a sua import\u00e2ncia no desenvolvimento global da crian\u00e7a, impulsionando a criatividade das crian\u00e7as na proposta de atividades l\u00fadicas e educativas que, se pretendem dinamizadoras de aprendizagens significativas.<\/p>\n<p style=\"text-align: justify;\">Um dos objetivos da &#8220;Hora do Conto&#8221; \u00e9 contar hist\u00f3rias de forma l\u00fadica a fim de despertar as crian\u00e7as para o universo da literatura e, dessa maneira, ajudar na forma\u00e7\u00e3o de novos leitores. Aos olhos da crian\u00e7a, o livro come\u00e7a por ser um brinquedo, o que favorece a rela\u00e7\u00e3o afetiva aos livros e posteriormente ao ato de ler por prazer. As hist\u00f3rias voam nas asas da sua imagina\u00e7\u00e3o, estimulando nelas a curiosidade pelos saberes e o gosto pela descoberta<\/p>\n<p>[\/et_pb_text][\/et_pb_column][\/et_pb_row][et_pb_row _builder_version=&#8221;4.9.0&#8243; _module_preset=&#8221;default&#8221;][et_pb_column _builder_version=&#8221;4.9.0&#8243; _module_preset=&#8221;default&#8221; type=&#8221;4_4&#8243;][et_pb_gallery _builder_version=&#8221;4.9.0&#8243; _module_preset=&#8221;default&#8221; posts_number=&#8221;50&#8243; gallery_ids=&#8221;1561,1562,1563,1564,1565,1566,1567&#8243; show_title_and_caption=&#8221;off&#8221; hover_enabled=&#8221;0&#8243; sticky_enabled=&#8221;0&#8243;][\/et_pb_gallery][\/et_pb_column][\/et_pb_row][\/et_pb_section]<\/p>\n","protected":false},"excerpt":{"rendered":"<p>Biblioteca EscolarA Biblioteca Escolar da ACUREDE foi inaugurada em abril de 2010 e est\u00e1 inserida na RBE (Rede de Bibliotecas Escolares). \u00c9 um espa\u00e7o de conhecimento com materiais que possibilitam \u00e0s crian\u00e7as experi\u00eancias variadas no \u00e2mbito da leitura. Desde a sua inaugura\u00e7\u00e3o, comtemplou-se a dinamiza\u00e7\u00e3o de anima\u00e7\u00e3o de leitura atrav\u00e9s da Hora do Conto e [&hellip;]<\/p>\n","protected":false},"author":4,"featured_media":0,"parent":0,"menu_order":0,"comment_status":"closed","ping_status":"closed","template":"","meta":{"_et_pb_use_builder":"on","_et_pb_old_content":"","_et_gb_content_width":"","footnotes":""},"class_list":["post-1248","page","type-page","status-publish","hentry"],"_links":{"self":[{"href":"https:\/\/www.acurede.pt\/novo\/wp-json\/wp\/v2\/pages\/1248","targetHints":{"allow":["GET"]}}],"collection":[{"href":"https:\/\/www.acurede.pt\/novo\/wp-json\/wp\/v2\/pages"}],"about":[{"href":"https:\/\/www.acurede.pt\/novo\/wp-json\/wp\/v2\/types\/page"}],"author":[{"embeddable":true,"href":"https:\/\/www.acurede.pt\/novo\/wp-json\/wp\/v2\/users\/4"}],"replies":[{"embeddable":true,"href":"https:\/\/www.acurede.pt\/novo\/wp-json\/wp\/v2\/comments?post=1248"}],"version-history":[{"count":5,"href":"https:\/\/www.acurede.pt\/novo\/wp-json\/wp\/v2\/pages\/1248\/revisions"}],"predecessor-version":[{"id":1568,"href":"https:\/\/www.acurede.pt\/novo\/wp-json\/wp\/v2\/pages\/1248\/revisions\/1568"}],"wp:attachment":[{"href":"https:\/\/www.acurede.pt\/novo\/wp-json\/wp\/v2\/media?parent=1248"}],"curies":[{"name":"wp","href":"https:\/\/api.w.org\/{rel}","templated":true}]}}

<p>[et_pb_section fb_built=&#8221;1&#8243; _builder_version=&#8221;4.0.5&#8243; background_color=&#8221;rgba(0,0,0,0)&#8221; background_image=&#8221;https://www.acurede.pt/novo/wp-content/uploads/2014/10/home_sitter_subheader.jpg&#8221; background_position=&#8221;bottom_center&#8221;][et_pb_row _builder_version=&#8221;4.0.5&#8243;][et_pb_column type=&#8221;4_4&#8243; _builder_version=&#8221;4.0.5&#8243;][et_pb_text _builder_version=&#8221;4.9.0&#8243;]</p>
<h1 class="title"><span style="color: #ffffff;">Biblioteca Escolar</span></h1>
<p>[/et_pb_text][/et_pb_column][/et_pb_row][/et_pb_section][et_pb_section fb_built=&#8221;1&#8243; _builder_version=&#8221;4.0.5&#8243;][et_pb_row _builder_version=&#8221;4.0.5&#8243;][et_pb_column type=&#8221;4_4&#8243; _builder_version=&#8221;4.0.5&#8243;][et_pb_text _builder_version=&#8221;4.9.0&#8243; header_text_color=&#8221;#fecd08&#8243;]</p>
<p style="text-align: justify;">A Biblioteca Escolar da ACUREDE foi inaugurada em abril de 2010 e está inserida na RBE (Rede de Bibliotecas Escolares). É um espaço de conhecimento com materiais que possibilitam às crianças experiências variadas no âmbito da leitura. Desde a sua inauguração, comtemplou-se a dinamização de animação de leitura através da Hora do Conto e a leitura em contexto familiar. Com este princípio, a Biblioteca Escolar através do projeto Leituras em VAI e VEM – Sacos de Leitura, prioriza a literatura infantil como um caminho para desenvolver hábitos saudáveis e úteis por toda a vida da criança, procurando um equilíbrio na integração entre família e escola, através requisição domiciliaria de livros, já que se trata de uma fase de fortes vínculos familiares.</p>
<p style="text-align: justify;">A importância de contar histórias sobretudo em contexto de Creche e Pré-escolar, pretende mostrar formas de dinamizar a “Hora do conto” e salientar a sua importância no desenvolvimento global da criança, impulsionando a criatividade das crianças na proposta de atividades lúdicas e educativas que, se pretendem dinamizadoras de aprendizagens significativas.</p>
<p style="text-align: justify;">Um dos objetivos da &#8220;Hora do Conto&#8221; é contar histórias de forma lúdica a fim de despertar as crianças para o universo da literatura e, dessa maneira, ajudar na formação de novos leitores. Aos olhos da criança, o livro começa por ser um brinquedo, o que favorece a relação afetiva aos livros e posteriormente ao ato de ler por prazer. As histórias voam nas asas da sua imaginação, estimulando nelas a curiosidade pelos saberes e o gosto pela descoberta</p>
<p>[/et_pb_text][/et_pb_column][/et_pb_row][et_pb_row _builder_version=&#8221;4.9.0&#8243; _module_preset=&#8221;default&#8221;][et_pb_column _builder_version=&#8221;4.9.0&#8243; _module_preset=&#8221;default&#8221; type=&#8221;4_4&#8243;][et_pb_gallery _builder_version=&#8221;4.9.0&#8243; _module_preset=&#8221;default&#8221; posts_number=&#8221;50&#8243; gallery_ids=&#8221;1561,1562,1563,1564,1565,1566,1567&#8243; show_title_and_caption=&#8221;off&#8221; hover_enabled=&#8221;0&#8243; sticky_enabled=&#8221;0&#8243;][/et_pb_gallery][/et_pb_column][/et_pb_row][/et_pb_section]</p>

<p>Biblioteca EscolarA Biblioteca Escolar da ACUREDE foi inaugurada em abril de 2010 e está inserida na RBE (Rede de Bibliotecas Escolares). É um espaço de conhecimento com materiais que possibilitam às crianças experiências variadas no âmbito da leitura. Desde a sua inauguração, comtemplou-se a dinamização de animação de leitura através da Hora do Conto e [&hellip;]</p>
