{"id":1297,"date":"2021-03-02T12:10:57","date_gmt":"2021-03-02T12:10:57","guid":{"rendered":"https:\/\/www.acurede.pt\/novo\/?page_id=1297"},"modified":"2023-05-31T17:05:23","modified_gmt":"2023-05-31T17:05:23","slug":"germinar-e-florescer","status":"publish","type":"page","link":"https:\/\/www.acurede.pt\/novo\/germinar-e-florescer\/","title":{"rendered":"Germinar e Florescer"},"content":{"rendered":"<p>[et_pb_section fb_built=&#8221;1&#8243; _builder_version=&#8221;4.0.5&#8243; background_color=&#8221;rgba(0,0,0,0)&#8221; background_image=&#8221;https:\/\/www.acurede.pt\/novo\/wp-content\/uploads\/2014\/10\/home_sitter_subheader.jpg&#8221; background_position=&#8221;bottom_center&#8221;][et_pb_row _builder_version=&#8221;4.0.5&#8243;][et_pb_column type=&#8221;4_4&#8243; _builder_version=&#8221;4.0.5&#8243;][et_pb_text _builder_version=&#8221;4.9.0&#8243;]<\/p>\n<h1 class=\"title\"><span style=\"color: #ffffff;\">Germinar e Florescer <\/span><\/h1>\n<p>[\/et_pb_text][\/et_pb_column][\/et_pb_row][\/et_pb_section][et_pb_section fb_built=&#8221;1&#8243; _builder_version=&#8221;4.0.5&#8243;][et_pb_row _builder_version=&#8221;4.0.5&#8243;][et_pb_column type=&#8221;4_4&#8243; _builder_version=&#8221;4.0.5&#8243;][et_pb_text _builder_version=&#8221;4.9.0&#8243; header_text_color=&#8221;#fecd08&#8243;]<\/p>\n<p style=\"text-align: justify;\">\u201c<em>Uma horta \u00e9 uma festa para os cinco sentidos. Boa de cheirar, ver, ouvir, tocar e comer. \u00c9 coisa m\u00e1gica<\/em>.\u201d<br \/>Rubem Alves<\/p>\n<p style=\"text-align: justify;\">O espa\u00e7o exterior \u00e9 um espa\u00e7o rico em possibilidades de aprendizagem e intera\u00e7\u00e3o. Explorar a horta proporciona um ambiente de intera\u00e7\u00e3o, inclus\u00e3o, educa\u00e7\u00e3o ambiental, educa\u00e7\u00e3o alimentar, contribuindo para o enriquecimento global das crian\u00e7as.<br \/>Na nossa horta, na dinamiza\u00e7\u00e3o dos canteiros, proporcionamos \u00e0s crian\u00e7as o contacto com a Natureza, estimulando a sua curiosidade acerca dos fen\u00f3menos naturais e a origem dos produtos hort\u00edcolas que fazem parte da sua alimenta\u00e7\u00e3o.<br \/>Pretendemos que as crian\u00e7as, desde o Ber\u00e7\u00e1rio, tenham a oportunidade de contactar diretamente com a terra, sementes, plantas, \u00e1gua. A abordagem pr\u00e1tica permitir\u00e1 que as crian\u00e7as aprendam pela intera\u00e7\u00e3o com o meio, contribuindo para uma aprendizagem significativa.<\/p>\n<p>[\/et_pb_text][\/et_pb_column][\/et_pb_row][et_pb_row _builder_version=&#8221;4.9.0&#8243; _module_preset=&#8221;default&#8221;][et_pb_column _builder_version=&#8221;4.9.0&#8243; _module_preset=&#8221;default&#8221; type=&#8221;4_4&#8243;][et_pb_gallery _builder_version=&#8221;4.9.0&#8243; _module_preset=&#8221;default&#8221; posts_number=&#8221;50&#8243; gallery_ids=&#8221;1497,1498,1499,1500,1501,1502,1503,1504,1505,1506,1507,1508,1509,1510,1511&#8243; show_title_and_caption=&#8221;off&#8221; hover_enabled=&#8221;0&#8243; sticky_enabled=&#8221;0&#8243;][\/et_pb_gallery][\/et_pb_column][\/et_pb_row][\/et_pb_section]<\/p>\n","protected":false},"excerpt":{"rendered":"<p>Germinar e Florescer \u201cUma horta \u00e9 uma festa para os cinco sentidos. Boa de cheirar, ver, ouvir, tocar e comer. \u00c9 coisa m\u00e1gica.\u201dRubem Alves O espa\u00e7o exterior \u00e9 um espa\u00e7o rico em possibilidades de aprendizagem e intera\u00e7\u00e3o. Explorar a horta proporciona um ambiente de intera\u00e7\u00e3o, inclus\u00e3o, educa\u00e7\u00e3o ambiental, educa\u00e7\u00e3o alimentar, contribuindo para o enriquecimento global [&hellip;]<\/p>\n","protected":false},"author":4,"featured_media":0,"parent":0,"menu_order":0,"comment_status":"closed","ping_status":"closed","template":"","meta":{"_et_pb_use_builder":"on","_et_pb_old_content":"","_et_gb_content_width":"","footnotes":""},"class_list":["post-1297","page","type-page","status-publish","hentry"],"_links":{"self":[{"href":"https:\/\/www.acurede.pt\/novo\/wp-json\/wp\/v2\/pages\/1297","targetHints":{"allow":["GET"]}}],"collection":[{"href":"https:\/\/www.acurede.pt\/novo\/wp-json\/wp\/v2\/pages"}],"about":[{"href":"https:\/\/www.acurede.pt\/novo\/wp-json\/wp\/v2\/types\/page"}],"author":[{"embeddable":true,"href":"https:\/\/www.acurede.pt\/novo\/wp-json\/wp\/v2\/users\/4"}],"replies":[{"embeddable":true,"href":"https:\/\/www.acurede.pt\/novo\/wp-json\/wp\/v2\/comments?post=1297"}],"version-history":[{"count":5,"href":"https:\/\/www.acurede.pt\/novo\/wp-json\/wp\/v2\/pages\/1297\/revisions"}],"predecessor-version":[{"id":1512,"href":"https:\/\/www.acurede.pt\/novo\/wp-json\/wp\/v2\/pages\/1297\/revisions\/1512"}],"wp:attachment":[{"href":"https:\/\/www.acurede.pt\/novo\/wp-json\/wp\/v2\/media?parent=1297"}],"curies":[{"name":"wp","href":"https:\/\/api.w.org\/{rel}","templated":true}]}}