{"id":1331,"date":"2021-03-02T12:24:59","date_gmt":"2021-03-02T12:24:59","guid":{"rendered":"https:\/\/www.acurede.pt\/novo\/?page_id=1331"},"modified":"2023-05-31T17:05:23","modified_gmt":"2023-05-31T17:05:23","slug":"ideias-luminosas","status":"publish","type":"page","link":"https:\/\/www.acurede.pt\/novo\/ideias-luminosas\/","title":{"rendered":"Ideias Luminosas"},"content":{"rendered":"<p>[et_pb_section fb_built=&#8221;1&#8243; _builder_version=&#8221;4.0.5&#8243; background_color=&#8221;rgba(0,0,0,0)&#8221; background_image=&#8221;https:\/\/www.acurede.pt\/novo\/wp-content\/uploads\/2014\/10\/home_sitter_subheader.jpg&#8221; background_position=&#8221;bottom_center&#8221;][et_pb_row _builder_version=&#8221;4.0.5&#8243;][et_pb_column type=&#8221;4_4&#8243; _builder_version=&#8221;4.0.5&#8243;][et_pb_text _builder_version=&#8221;4.9.0&#8243;]<\/p>\n<h1 class=\"title\"><span style=\"color: #ffffff;\">Ideias Luminosas <\/span><\/h1>\n<p>[\/et_pb_text][\/et_pb_column][\/et_pb_row][\/et_pb_section][et_pb_section fb_built=&#8221;1&#8243; _builder_version=&#8221;4.0.5&#8243;][et_pb_row _builder_version=&#8221;4.0.5&#8243;][et_pb_column type=&#8221;4_4&#8243; _builder_version=&#8221;4.0.5&#8243;][et_pb_text _builder_version=&#8221;4.9.0&#8243; header_text_color=&#8221;#fecd08&#8243;]<\/p>\n<p style=\"text-align: justify;\">Desde muito pequenas, as crian\u00e7as deslumbram-se com a luz e prestam muita aten\u00e7\u00e3o \u00e0s sombras e movimentos. Com o objetivo de promover o desenvolvimento global das crian\u00e7as, a nossa institui\u00e7\u00e3o tem vindo a proporciona um leque de novas possibilidades e descobertas sensoriais, baseadas em atividades com mesas de luz, teatro de sombras, jogos de luz e sombras que estimulam a curiosidade e a criatividade.<br \/>A inten\u00e7\u00e3o de proporcionar \u00e0s crian\u00e7as experi\u00eancias diversas atrav\u00e9s de brincadeiras com o tema luz e sombra, tais como: teatro de sombras, coreografia atr\u00e1s de um len\u00e7ol iluminado, brincadeiras com o corpo e as m\u00e3os com a luz de um retroprojetor e\/ou lanternas, o incentivo \u00e0 cria\u00e7\u00e3o de sombras a partir de figuras, e tantas outras, \u00e9 de produzirem e reerguerem no\u00e7\u00f5es que as ajudem na compreens\u00e3o do mundo, favorecendo com isso o levantamento e o confronto de hip\u00f3teses e a aproxima\u00e7\u00e3o com os conhecimentos socialmente constru\u00eddos atrav\u00e9s da intera\u00e7\u00e3o com os outros, com os objetos e diversos fen\u00f4menos da natureza e os produzidos pelo homem.<br \/>Estas atividades funcionam como estrat\u00e9gias complementares \u00e0 componente pedag\u00f3gica para instigar, desafiar e encorajar as crian\u00e7as permitindo, assim, que a aprendizagem ocorra de forma prazerosa.<\/p>\n<p>[\/et_pb_text][\/et_pb_column][\/et_pb_row][et_pb_row _builder_version=&#8221;4.9.0&#8243; _module_preset=&#8221;default&#8221;][et_pb_column _builder_version=&#8221;4.9.0&#8243; _module_preset=&#8221;default&#8221; type=&#8221;4_4&#8243;][et_pb_gallery _builder_version=&#8221;4.9.0&#8243; _module_preset=&#8221;default&#8221; posts_number=&#8221;20&#8243; gallery_ids=&#8221;1421,1422,1423,1424,1425,1426,1427,1428,1429,1430,1431,1432,1433,1434,1435,1436,1437,1438&#8243; show_title_and_caption=&#8221;off&#8221; hover_enabled=&#8221;0&#8243; sticky_enabled=&#8221;0&#8243;][\/et_pb_gallery][\/et_pb_column][\/et_pb_row][\/et_pb_section]<\/p>\n","protected":false},"excerpt":{"rendered":"<p>Ideias Luminosas Desde muito pequenas, as crian\u00e7as deslumbram-se com a luz e prestam muita aten\u00e7\u00e3o \u00e0s sombras e movimentos. Com o objetivo de promover o desenvolvimento global das crian\u00e7as, a nossa institui\u00e7\u00e3o tem vindo a proporciona um leque de novas possibilidades e descobertas sensoriais, baseadas em atividades com mesas de luz, teatro de sombras, jogos [&hellip;]<\/p>\n","protected":false},"author":4,"featured_media":0,"parent":0,"menu_order":0,"comment_status":"closed","ping_status":"closed","template":"","meta":{"_et_pb_use_builder":"on","_et_pb_old_content":"","_et_gb_content_width":"","footnotes":""},"class_list":["post-1331","page","type-page","status-publish","hentry"],"_links":{"self":[{"href":"https:\/\/www.acurede.pt\/novo\/wp-json\/wp\/v2\/pages\/1331","targetHints":{"allow":["GET"]}}],"collection":[{"href":"https:\/\/www.acurede.pt\/novo\/wp-json\/wp\/v2\/pages"}],"about":[{"href":"https:\/\/www.acurede.pt\/novo\/wp-json\/wp\/v2\/types\/page"}],"author":[{"embeddable":true,"href":"https:\/\/www.acurede.pt\/novo\/wp-json\/wp\/v2\/users\/4"}],"replies":[{"embeddable":true,"href":"https:\/\/www.acurede.pt\/novo\/wp-json\/wp\/v2\/comments?post=1331"}],"version-history":[{"count":4,"href":"https:\/\/www.acurede.pt\/novo\/wp-json\/wp\/v2\/pages\/1331\/revisions"}],"predecessor-version":[{"id":1439,"href":"https:\/\/www.acurede.pt\/novo\/wp-json\/wp\/v2\/pages\/1331\/revisions\/1439"}],"wp:attachment":[{"href":"https:\/\/www.acurede.pt\/novo\/wp-json\/wp\/v2\/media?parent=1331"}],"curies":[{"name":"wp","href":"https:\/\/api.w.org\/{rel}","templated":true}]}}