{"id":1350,"date":"2021-03-02T12:35:04","date_gmt":"2021-03-02T12:35:04","guid":{"rendered":"https:\/\/www.acurede.pt\/novo\/?page_id=1350"},"modified":"2023-05-31T17:05:24","modified_gmt":"2023-05-31T17:05:24","slug":"musicalmente","status":"publish","type":"page","link":"https:\/\/www.acurede.pt\/novo\/musicalmente\/","title":{"rendered":"MusicalMente"},"content":{"rendered":"<p>[et_pb_section fb_built=&#8221;1&#8243; _builder_version=&#8221;4.0.5&#8243; background_color=&#8221;rgba(0,0,0,0)&#8221; background_image=&#8221;https:\/\/www.acurede.pt\/novo\/wp-content\/uploads\/2014\/10\/home_sitter_subheader.jpg&#8221; background_position=&#8221;bottom_center&#8221;][et_pb_row _builder_version=&#8221;4.0.5&#8243;][et_pb_column type=&#8221;4_4&#8243; _builder_version=&#8221;4.0.5&#8243;][et_pb_text _builder_version=&#8221;4.9.0&#8243;]<\/p>\n<h1 class=\"title\"><span style=\"color: #ffffff;\">MusicalMente<\/span><\/h1>\n<p>[\/et_pb_text][\/et_pb_column][\/et_pb_row][\/et_pb_section][et_pb_section fb_built=&#8221;1&#8243; _builder_version=&#8221;4.0.5&#8243;][et_pb_row _builder_version=&#8221;4.0.5&#8243;][et_pb_column type=&#8221;4_4&#8243; _builder_version=&#8221;4.0.5&#8243;][et_pb_text _builder_version=&#8221;4.9.0&#8243; header_text_color=&#8221;#fecd08&#8243;]<\/p>\n<p style=\"text-align: justify;\">\u201c<em>A m\u00fasica torna os cora\u00e7\u00f5es dos homens felizes: ent\u00e3o, e apenas com base nisso, poder\u00edamos assumir que os mais novos deveriam ser treinados para isso<\/em>.\u201d (Arist\u00f3teles)<\/p>\n<p style=\"text-align: justify;\">Na ACUREDE desenvolvemos actividades de m\u00fasica constantemente seja atrav\u00e9s da organiza\u00e7\u00e3o do atelier, que geralmente decorre uma vez por semana para todos grupos e \u00e9 dinamizado por um ou mais m\u00fasicos de forma\u00e7\u00e3o. Seja tamb\u00e9m atrav\u00e9s da disponibiliza\u00e7\u00e3o constante no ambiente de sala de instrumentos musicais, que podem explorar livremente, quer seja tamb\u00e9m atrav\u00e9s das \u201cprovoca\u00e7\u00f5es\u201d de materiais e ac\u00e7\u00f5es que possam levar \u00e0 cria\u00e7\u00e3o de ritmos e musicalidade. <br \/>A m\u00fasica \u00e9 considerada a linguagem universal, um meio de comunica\u00e7\u00e3o em todo o mundo e entre todas as pessoas. Mas nada \u00e9 t\u00e3o importante como o papel que desempenha no desenvolvimento da crian\u00e7a\u2026<br \/>Desde o nascimento, que os pais instintivamente se ligam aos filhos atrav\u00e9s da m\u00fasica: adormecem e acalmam as crian\u00e7as com can\u00e7\u00f5es de embalar, brincam e interagem com can\u00e7\u00f5es e rimas divertidas.<br \/>Brincar com a voz, explorar instrumentos\/objetos e as suas diversas possibilidades e sons e sobretudo sentir a m\u00fasica acarreta in\u00fameros benef\u00edcios para o desenvolvimento cognitivo, socio-emocional e motor da crian\u00e7a. Promove inquestionavelmente o desenvolvimento da criatividade e imagina\u00e7\u00e3o, da sensibilidade, da perce\u00e7\u00e3o auditiva, da mem\u00f3ria e concentra\u00e7\u00e3o, da coordena\u00e7\u00e3o motora, da socializa\u00e7\u00e3o e afetividade da crian\u00e7a.<\/p>\n<p>[\/et_pb_text][\/et_pb_column][\/et_pb_row][et_pb_row _builder_version=&#8221;4.9.0&#8243; _module_preset=&#8221;default&#8221;][et_pb_column _builder_version=&#8221;4.9.0&#8243; _module_preset=&#8221;default&#8221; type=&#8221;4_4&#8243;][et_pb_gallery _builder_version=&#8221;4.9.0&#8243; _module_preset=&#8221;default&#8221; gallery_ids=&#8221;1361,1362,1363&#8243; hover_enabled=&#8221;0&#8243; sticky_enabled=&#8221;0&#8243;][\/et_pb_gallery][\/et_pb_column][\/et_pb_row][\/et_pb_section]<\/p>\n","protected":false},"excerpt":{"rendered":"<p>MusicalMente\u201cA m\u00fasica torna os cora\u00e7\u00f5es dos homens felizes: ent\u00e3o, e apenas com base nisso, poder\u00edamos assumir que os mais novos deveriam ser treinados para isso.\u201d (Arist\u00f3teles) Na ACUREDE desenvolvemos actividades de m\u00fasica constantemente seja atrav\u00e9s da organiza\u00e7\u00e3o do atelier, que geralmente decorre uma vez por semana para todos grupos e \u00e9 dinamizado por um ou [&hellip;]<\/p>\n","protected":false},"author":4,"featured_media":0,"parent":0,"menu_order":0,"comment_status":"closed","ping_status":"closed","template":"","meta":{"_et_pb_use_builder":"on","_et_pb_old_content":"","_et_gb_content_width":"","footnotes":""},"class_list":["post-1350","page","type-page","status-publish","hentry"],"_links":{"self":[{"href":"https:\/\/www.acurede.pt\/novo\/wp-json\/wp\/v2\/pages\/1350","targetHints":{"allow":["GET"]}}],"collection":[{"href":"https:\/\/www.acurede.pt\/novo\/wp-json\/wp\/v2\/pages"}],"about":[{"href":"https:\/\/www.acurede.pt\/novo\/wp-json\/wp\/v2\/types\/page"}],"author":[{"embeddable":true,"href":"https:\/\/www.acurede.pt\/novo\/wp-json\/wp\/v2\/users\/4"}],"replies":[{"embeddable":true,"href":"https:\/\/www.acurede.pt\/novo\/wp-json\/wp\/v2\/comments?post=1350"}],"version-history":[{"count":5,"href":"https:\/\/www.acurede.pt\/novo\/wp-json\/wp\/v2\/pages\/1350\/revisions"}],"predecessor-version":[{"id":1364,"href":"https:\/\/www.acurede.pt\/novo\/wp-json\/wp\/v2\/pages\/1350\/revisions\/1364"}],"wp:attachment":[{"href":"https:\/\/www.acurede.pt\/novo\/wp-json\/wp\/v2\/media?parent=1350"}],"curies":[{"name":"wp","href":"https:\/\/api.w.org\/{rel}","templated":true}]}}