{"id":949,"date":"2019-11-07T11:26:40","date_gmt":"2019-11-07T11:26:40","guid":{"rendered":"https:\/\/www.acurede.pt\/novo\/?page_id=949"},"modified":"2024-08-28T13:45:42","modified_gmt":"2024-08-28T13:45:42","slug":"catl-2","status":"publish","type":"page","link":"https:\/\/www.acurede.pt\/novo\/catl-2\/","title":{"rendered":"CATL"},"content":{"rendered":"<p>[et_pb_section fb_built=&#8221;1&#8243; _builder_version=&#8221;4.16&#8243; background_color=&#8221;rgba(0,0,0,0)&#8221; background_image=&#8221;https:\/\/www.acurede.pt\/novo\/wp-content\/uploads\/2014\/10\/home_sitter_subheader.jpg&#8221; background_position=&#8221;bottom_center&#8221; locked=&#8221;off&#8221; global_colors_info=&#8221;{}&#8221;][et_pb_row _builder_version=&#8221;4.16&#8243; global_colors_info=&#8221;{}&#8221;][et_pb_column type=&#8221;4_4&#8243; _builder_version=&#8221;4.16&#8243; global_colors_info=&#8221;{}&#8221;][et_pb_text _builder_version=&#8221;4.16&#8243; global_colors_info=&#8221;{}&#8221;]<\/p>\n<h1 class=\"title\"><span style=\"color: #ffffff;\">Centro de Atividades Tempos Livres<\/span><\/h1>\n<p>[\/et_pb_text][\/et_pb_column][\/et_pb_row][\/et_pb_section][et_pb_section fb_built=&#8221;1&#8243; _builder_version=&#8221;4.16&#8243; custom_padding=&#8221;||3px|||&#8221; global_colors_info=&#8221;{}&#8221;][et_pb_row column_structure=&#8221;1_4,1_2,1_4&#8243; _builder_version=&#8221;4.16&#8243; global_colors_info=&#8221;{}&#8221;][et_pb_column type=&#8221;1_4&#8243; _builder_version=&#8221;4.16&#8243; global_colors_info=&#8221;{}&#8221;][et_pb_image src=&#8221;https:\/\/www.acurede.pt\/novo\/wp-content\/uploads\/2015\/05\/catl.png&#8221; _builder_version=&#8221;4.16&#8243; global_colors_info=&#8221;{}&#8221;][\/et_pb_image][\/et_pb_column][et_pb_column type=&#8221;1_2&#8243; _builder_version=&#8221;4.16&#8243; global_colors_info=&#8221;{}&#8221;][et_pb_text _builder_version=&#8221;4.16&#8243; global_colors_info=&#8221;{}&#8221;]<\/p>\n<h1>Centro de Atividades de Tempos Livres<\/h1>\n<p><span>Esta resposta social destina-se a crian\u00e7as dos 6 aos 12 anos e que frequentam o 1\u00ba e 2\u00ba ciclos do Ensino B\u00e1sico.<\/span><\/p>\n<hr class=\"hr_color\" \/>\n<p style=\"text-align: justify;\"><span><\/span><\/p>\n<ul>\n<li style=\"text-align: justify;\">Os servi\u00e7os prestados no CATL s\u00e3o diversificados e adaptados \u00e0s necessidades das fam\u00edlias.<\/li>\n<li style=\"text-align: justify;\">Durante o per\u00edodo escolar, o servi\u00e7o consiste essencialmente no transporte das crian\u00e7as para as escolas, de manh\u00e3, na hora de almo\u00e7o e \u00e0 tarde. No servi\u00e7o do almo\u00e7o e lanche e apoio nos TPC no per\u00edodo da tarde.<\/li>\n<li style=\"text-align: justify;\">Nas f\u00e9rias escolares, as crian\u00e7as que frequentam o CATL tem acesso a um leque diversificado de atividades planeadas pela animadora respons\u00e1vel. Este plano inclui atividades l\u00fadicas e pedag\u00f3gicas.<\/li>\n<\/ul>\n<p>&nbsp;<\/p>\n<p>[\/et_pb_text][\/et_pb_column][et_pb_column type=&#8221;1_4&#8243; _builder_version=&#8221;4.16&#8243; global_colors_info=&#8221;{}&#8221;][et_pb_text _builder_version=&#8221;4.27.0&#8243; hover_enabled=&#8221;0&#8243; global_colors_info=&#8221;{}&#8221; sticky_enabled=&#8221;0&#8243;]<\/p>\n<h4><a href=\"https:\/\/www.acurede.pt\/novo\/wp-content\/uploads\/2024\/08\/Reg.Interno_CATLACUREDE_2024_2025.pdf\" target=\"_blank\" rel=\"noopener noreferrer\">Consulte aqui o Regulamento Interno<\/a><\/h4>\n<h4><\/h4>\n<hr class=\"hr_color\" \/>\n<h4><a href=\"https:\/\/acurede.pt\/wp\/wp-content\/uploads\/2014\/10\/2015_projeto_educativo.pdf\" target=\"_blank\" rel=\"noopener noreferrer\">Projeto Educativo<br \/>\n&#8220;Eu e os Espa\u00e7os&#8221;<br \/>\n2014\/2017<\/a><span><\/span><\/h4>\n<hr class=\"hr_color\" \/>\n<h4><\/h4>\n<p>[\/et_pb_text][\/et_pb_column][\/et_pb_row][\/et_pb_section]<\/p>\n","protected":false},"excerpt":{"rendered":"<p>Centro de Atividades Tempos LivresCentro de Atividades de Tempos Livres Esta resposta social destina-se a crian\u00e7as dos 6 aos 12 anos e que frequentam o 1\u00ba e 2\u00ba ciclos do Ensino B\u00e1sico. Os servi\u00e7os prestados no CATL s\u00e3o diversificados e adaptados \u00e0s necessidades das fam\u00edlias. Durante o per\u00edodo escolar, o servi\u00e7o consiste essencialmente no transporte [&hellip;]<\/p>\n","protected":false},"author":4,"featured_media":0,"parent":0,"menu_order":0,"comment_status":"closed","ping_status":"closed","template":"","meta":{"_et_pb_use_builder":"on","_et_pb_old_content":"","_et_gb_content_width":"","footnotes":""},"class_list":["post-949","page","type-page","status-publish","hentry"],"_links":{"self":[{"href":"https:\/\/www.acurede.pt\/novo\/wp-json\/wp\/v2\/pages\/949","targetHints":{"allow":["GET"]}}],"collection":[{"href":"https:\/\/www.acurede.pt\/novo\/wp-json\/wp\/v2\/pages"}],"about":[{"href":"https:\/\/www.acurede.pt\/novo\/wp-json\/wp\/v2\/types\/page"}],"author":[{"embeddable":true,"href":"https:\/\/www.acurede.pt\/novo\/wp-json\/wp\/v2\/users\/4"}],"replies":[{"embeddable":true,"href":"https:\/\/www.acurede.pt\/novo\/wp-json\/wp\/v2\/comments?post=949"}],"version-history":[{"count":8,"href":"https:\/\/www.acurede.pt\/novo\/wp-json\/wp\/v2\/pages\/949\/revisions"}],"predecessor-version":[{"id":1847,"href":"https:\/\/www.acurede.pt\/novo\/wp-json\/wp\/v2\/pages\/949\/revisions\/1847"}],"wp:attachment":[{"href":"https:\/\/www.acurede.pt\/novo\/wp-json\/wp\/v2\/media?parent=949"}],"curies":[{"name":"wp","href":"https:\/\/api.w.org\/{rel}","templated":true}]}}